{"id":8928,"date":"2024-11-07T16:30:04","date_gmt":"2024-11-07T19:30:04","guid":{"rendered":"https:\/\/escritoriointeligente.com\/mkt\/?page_id=8928"},"modified":"2024-11-25T09:37:51","modified_gmt":"2024-11-25T12:37:51","slug":"lp-safira","status":"publish","type":"page","link":"https:\/\/escritoriointeligente.com\/mkt\/lp-safira\/","title":{"rendered":"LP &#8211; Safira"},"content":{"rendered":"<p>[et_pb_section fb_built=&#8221;1&#8243; _builder_version=&#8221;4.25.1&#8243; _module_preset=&#8221;default&#8221; background_color=&#8221;#e8e7ed&#8221; custom_margin=&#8221;||-120px||false|false&#8221; global_colors_info=&#8221;{}&#8221;][et_pb_row _builder_version=&#8221;4.25.1&#8243; _module_preset=&#8221;default&#8221; global_colors_info=&#8221;{}&#8221;][et_pb_column type=&#8221;4_4&#8243; _builder_version=&#8221;4.25.1&#8243; _module_preset=&#8221;default&#8221; global_colors_info=&#8221;{}&#8221;][et_pb_image src=&#8221;https:\/\/escritoriointeligente.com\/mkt\/wp-content\/uploads\/2024\/11\/Grupo-1394.png&#8221; title_text=&#8221;Grupo 1394&#8243; align=&#8221;center&#8221; _builder_version=&#8221;4.25.1&#8243; _module_preset=&#8221;default&#8221; width=&#8221;100%&#8221; max_width=&#8221;100%&#8221; global_colors_info=&#8221;{}&#8221;][\/et_pb_image][\/et_pb_column][\/et_pb_row][\/et_pb_section][et_pb_section fb_built=&#8221;1&#8243; _builder_version=&#8221;4.25.1&#8243; _module_preset=&#8221;default&#8221; background_color=&#8221;#e8e7ed&#8221; custom_padding=&#8221;50px|||||&#8221; global_colors_info=&#8221;{}&#8221;][et_pb_row module_id=&#8221;formulario&#8221; _builder_version=&#8221;4.25.1&#8243; _module_preset=&#8221;default&#8221; global_colors_info=&#8221;{}&#8221;][et_pb_column type=&#8221;4_4&#8243; _builder_version=&#8221;4.25.1&#8243; _module_preset=&#8221;default&#8221; global_colors_info=&#8221;{}&#8221;][\/et_pb_column][\/et_pb_row][et_pb_row column_structure=&#8221;1_4,1_4,1_4,1_4&#8243; _builder_version=&#8221;4.25.1&#8243; _module_preset=&#8221;default&#8221; global_colors_info=&#8221;{}&#8221;][et_pb_column type=&#8221;1_4&#8243; _builder_version=&#8221;4.25.1&#8243; _module_preset=&#8221;default&#8221; global_colors_info=&#8221;{}&#8221;][et_pb_text _builder_version=&#8221;4.25.1&#8243; _module_preset=&#8221;default&#8221; text_font=&#8221;Rubik|300||on|||||&#8221; text_text_color=&#8221;#001849&#8243; text_font_size=&#8221;17px&#8221; text_line_height=&#8221;1.8em&#8221; header_font=&#8221;Rubik||||||||&#8221; global_colors_info=&#8221;{}&#8221;]<\/p>\n<p>Resolvemos o<br \/>maior problema do<br \/>seu escrit\u00f3rio cont\u00e1bil:<\/p>\n<p>[\/et_pb_text][et_pb_text _builder_version=&#8221;4.25.1&#8243; _module_preset=&#8221;default&#8221; text_font=&#8221;Rubik|||on|||||&#8221; text_text_color=&#8221;#001849&#8243; text_font_size=&#8221;18px&#8221; text_letter_spacing=&#8221;10px&#8221; text_line_height=&#8221;1.8em&#8221; header_font=&#8221;Rubik||||||||&#8221; min_height=&#8221;196.4px&#8221; global_colors_info=&#8221;{}&#8221;]<\/p>\n<p>Gest\u00e3o<br \/>do Neg\u00f3cio<br \/>e Atraso nas<br \/>Entregas<\/p>\n<p>[\/et_pb_text][\/et_pb_column][et_pb_column type=&#8221;1_4&#8243; _builder_version=&#8221;4.25.1&#8243; _module_preset=&#8221;default&#8221; global_colors_info=&#8221;{}&#8221;][et_pb_image src=&#8221;https:\/\/portal.escritoriointeligente.com\/Docs\/mkt\/GIF_PNG_Safira.gif&#8221; _builder_version=&#8221;4.25.1&#8243; _module_preset=&#8221;default&#8221; scroll_vertical_motion=&#8221;0|67|67|100|0.5|0.5|5&#8243; motion_trigger_start=&#8221;top&#8221; hover_enabled=&#8221;0&#8243; global_colors_info=&#8221;{}&#8221; scroll_vertical_motion_last_edited=&#8221;on|phone&#8221; sticky_enabled=&#8221;0&#8243; scroll_vertical_motion_tablet=&#8221;0|67|67|100|0.5|0.5|5&#8243; scroll_vertical_motion_phone=&#8221;0|67|67|100|0.5|0.5|5&#8243;][\/et_pb_image][\/et_pb_column][et_pb_column type=&#8221;1_4&#8243; _builder_version=&#8221;4.25.1&#8243; _module_preset=&#8221;default&#8221; custom_padding=&#8221;49px||||false|false&#8221; global_colors_info=&#8221;{}&#8221;][et_pb_text _builder_version=&#8221;4.25.1&#8243; _module_preset=&#8221;default&#8221; text_font=&#8221;Rubik|300|||||||&#8221; global_colors_info=&#8221;{}&#8221;]<\/p>\n<p>Escrit\u00f3rios Cont\u00e1beis perdem em m\u00e9dia <strong>100.000<\/strong> por m\u00eas por n\u00e3o terem processos definidos, pessoas qualificadas e contabilidade em dia.<br \/>Ao se tornar Safira, a <strong>sua realidade ser\u00e1 outra<\/strong>.<\/p>\n<p>[\/et_pb_text][et_pb_button button_url=&#8221;#formulario&#8221; button_text=&#8221;Agendar seu diagn\u00f3stico gratuito&#8221; button_alignment=&#8221;left&#8221; _builder_version=&#8221;4.25.1&#8243; _module_preset=&#8221;default&#8221; button_text_size=&#8221;10px&#8221; button_text_color=&#8221;#FFFFFF&#8221; button_bg_color=&#8221;#001849&#8243; button_border_width=&#8221;2px&#8221; button_letter_spacing=&#8221;2px&#8221; button_font=&#8221;Rubik|||on|||||&#8221; button_use_icon=&#8221;off&#8221; custom_margin=&#8221;-7px||||false|false&#8221; box_shadow_style=&#8221;preset2&#8243; global_colors_info=&#8221;{}&#8221;][\/et_pb_button][\/et_pb_column][et_pb_column type=&#8221;1_4&#8243; _builder_version=&#8221;4.25.1&#8243; _module_preset=&#8221;default&#8221; global_colors_info=&#8221;{}&#8221;][et_pb_code _builder_version=&#8221;4.25.1&#8243; _module_preset=&#8221;default&#8221; scroll_vertical_motion=&#8221;0|56|56|100|-0.5|-0.5|6.5&#8243; global_colors_info=&#8221;{}&#8221; hover_enabled=&#8221;0&#8243; sticky_enabled=&#8221;0&#8243;]<\/p>\n<div role=\"main\" id=\"safira-lp-c6357fca14b258371202\"><\/div>\n<p><script type=\"text\/javascript\" src=\"https:\/\/d335luupugsy2.cloudfront.net\/js\/rdstation-forms\/stable\/rdstation-forms.min.js\"><\/script><script type=\"text\/javascript\"> new RDStationForms('safira-lp-c6357fca14b258371202', 'UA-123053850-1').createForm();<\/script>[\/et_pb_code][\/et_pb_column][\/et_pb_row][\/et_pb_section][et_pb_section fb_built=&#8221;1&#8243; _builder_version=&#8221;4.25.1&#8243; _module_preset=&#8221;default&#8221; background_color=&#8221;#e8e7ed&#8221; global_colors_info=&#8221;{}&#8221;][et_pb_row column_structure=&#8221;1_4,1_4,1_4,1_4&#8243; _builder_version=&#8221;4.25.1&#8243; _module_preset=&#8221;default&#8221; scroll_blur_enable=&#8221;on&#8221; global_colors_info=&#8221;{}&#8221;][et_pb_column type=&#8221;1_4&#8243; _builder_version=&#8221;4.25.1&#8243; _module_preset=&#8221;default&#8221; global_colors_info=&#8221;{}&#8221;][et_pb_text _builder_version=&#8221;4.25.1&#8243; _module_preset=&#8221;default&#8221; text_font=&#8221;Rubik|||on|||||&#8221; text_text_color=&#8221;#001849&#8243; text_font_size=&#8221;16px&#8221; text_letter_spacing=&#8221;10px&#8221; text_line_height=&#8221;1.8em&#8221; header_font=&#8221;Rubik||||||||&#8221; global_colors_info=&#8221;{}&#8221;]<\/p>\n<p>O que a<br \/>nossa<br \/>metodologia<br \/>vai te entregar?<\/p>\n<p>[\/et_pb_text][et_pb_text _builder_version=&#8221;4.25.1&#8243; _module_preset=&#8221;default&#8221; text_font=&#8221;Rubik|300|||||||&#8221; text_text_color=&#8221;#001849&#8243; text_font_size=&#8221;17px&#8221; text_line_height=&#8221;1.8em&#8221; header_font=&#8221;Rubik||||||||&#8221; global_colors_info=&#8221;{}&#8221;]<\/p>\n<p>Com um m\u00e9todo criado e validado por Luciano Macario, CEO do Escrit\u00f3rio Inteligente, n\u00f3s vamos te ajudar a:<\/p>\n<p>[\/et_pb_text][\/et_pb_column][et_pb_column type=&#8221;1_4&#8243; _builder_version=&#8221;4.25.1&#8243; _module_preset=&#8221;default&#8221; global_colors_info=&#8221;{}&#8221;][\/et_pb_column][et_pb_column type=&#8221;1_4&#8243; _builder_version=&#8221;4.25.1&#8243; _module_preset=&#8221;default&#8221; custom_padding=&#8221;49px||||false|false&#8221; global_colors_info=&#8221;{}&#8221;][et_pb_text _builder_version=&#8221;4.25.1&#8243; _module_preset=&#8221;default&#8221; text_font=&#8221;Rubik|300|||||||&#8221; global_colors_info=&#8221;{}&#8221;]<\/p>\n<p><strong>Aumentar a receita:<\/strong> com processos claros e documentados, as atividades passam a depender de um cargo, e n\u00e3o mais de uma pessoa. <br \/><strong>Diminuir custos desnecess\u00e1rios:<\/strong> te ajudamos a implementar processos de acordo com a sua realidade. <br \/><strong>Colocar a contabilidade em dia:<\/strong> com 1 colaborador performando para cuidar de mais de 100 clientes.<\/p>\n<p>[\/et_pb_text][et_pb_button button_url=&#8221;#formulario&#8221; button_text=&#8221;Agendar seu diagn\u00f3stico gratuito&#8221; button_alignment=&#8221;left&#8221; _builder_version=&#8221;4.25.1&#8243; _module_preset=&#8221;default&#8221; button_text_size=&#8221;10px&#8221; button_text_color=&#8221;#FFFFFF&#8221; button_bg_color=&#8221;#001849&#8243; button_border_width=&#8221;2px&#8221; button_letter_spacing=&#8221;2px&#8221; button_font=&#8221;Rubik|||on|||||&#8221; button_use_icon=&#8221;off&#8221; custom_margin=&#8221;-7px||||false|false&#8221; box_shadow_style=&#8221;preset2&#8243; global_colors_info=&#8221;{}&#8221;][\/et_pb_button][\/et_pb_column][et_pb_column type=&#8221;1_4&#8243; _builder_version=&#8221;4.25.1&#8243; _module_preset=&#8221;default&#8221; global_colors_info=&#8221;{}&#8221;][\/et_pb_column][\/et_pb_row][\/et_pb_section][et_pb_section fb_built=&#8221;1&#8243; _builder_version=&#8221;4.25.1&#8243; _module_preset=&#8221;default&#8221; background_color=&#8221;#e8e7ed&#8221; global_colors_info=&#8221;{}&#8221;][\/et_pb_section][et_pb_section fb_built=&#8221;1&#8243; _builder_version=&#8221;4.25.1&#8243; _module_preset=&#8221;default&#8221; background_color=&#8221;#e8e7ed&#8221; global_colors_info=&#8221;{}&#8221;][et_pb_row _builder_version=&#8221;4.25.1&#8243; _module_preset=&#8221;default&#8221; width=&#8221;100%&#8221; max_width=&#8221;1230px&#8221; max_width_tablet=&#8221;1230px&#8221; max_width_phone=&#8221;1230px&#8221; max_width_last_edited=&#8221;on|phone&#8221; scroll_blur_enable=&#8221;on&#8221; global_colors_info=&#8221;{}&#8221;][et_pb_column type=&#8221;4_4&#8243; _builder_version=&#8221;4.25.1&#8243; _module_preset=&#8221;default&#8221; global_colors_info=&#8221;{}&#8221;][et_pb_text _builder_version=&#8221;4.25.1&#8243; _module_preset=&#8221;default&#8221; text_font=&#8221;Rubik|300||on|||||&#8221; text_text_color=&#8221;#131c47&#8243; text_font_size=&#8221;26px&#8221; text_letter_spacing=&#8221;10px&#8221; text_orientation=&#8221;center&#8221; global_colors_info=&#8221;{}&#8221;]<\/p>\n<p>O que acontece no<\/p>\n<p>[\/et_pb_text][et_pb_image src=&#8221;https:\/\/escritoriointeligente.com\/mkt\/wp-content\/uploads\/2024\/11\/Asset-1.png&#8221; title_text=&#8221;Asset 1&#8243; align=&#8221;center&#8221; _builder_version=&#8221;4.25.1&#8243; _module_preset=&#8221;default&#8221; max_width=&#8221;44%&#8221; global_colors_info=&#8221;{}&#8221;][\/et_pb_image][et_pb_image src=&#8221;https:\/\/escritoriointeligente.com\/mkt\/wp-content\/uploads\/2024\/11\/Artboard-2.png&#8221; title_text=&#8221;Artboard 2&#8243; _builder_version=&#8221;4.25.1&#8243; _module_preset=&#8221;default&#8221; global_colors_info=&#8221;{}&#8221;][\/et_pb_image][et_pb_button button_url=&#8221;#formulario&#8221; button_text=&#8221;Agendar seu diagn\u00f3stico gratuito&#8221; button_alignment=&#8221;center&#8221; _builder_version=&#8221;4.25.1&#8243; _module_preset=&#8221;default&#8221; button_text_size=&#8221;10px&#8221; button_text_color=&#8221;#FFFFFF&#8221; button_bg_color=&#8221;#001849&#8243; button_border_width=&#8221;2px&#8221; button_letter_spacing=&#8221;2px&#8221; button_font=&#8221;Rubik|||on|||||&#8221; button_use_icon=&#8221;off&#8221; custom_margin=&#8221;-7px||||false|false&#8221; box_shadow_style=&#8221;preset2&#8243; global_colors_info=&#8221;{}&#8221;][\/et_pb_button][\/et_pb_column][\/et_pb_row][\/et_pb_section][et_pb_section fb_built=&#8221;1&#8243; _builder_version=&#8221;4.25.1&#8243; _module_preset=&#8221;default&#8221; background_color=&#8221;#e8e6eb&#8221; global_colors_info=&#8221;{}&#8221;][et_pb_row _builder_version=&#8221;4.25.1&#8243; _module_preset=&#8221;default&#8221; width=&#8221;75.2%&#8221; scroll_blur_enable=&#8221;on&#8221; global_colors_info=&#8221;{}&#8221;][et_pb_column type=&#8221;4_4&#8243; _builder_version=&#8221;4.25.1&#8243; _module_preset=&#8221;default&#8221; global_colors_info=&#8221;{}&#8221;][et_pb_text _builder_version=&#8221;4.25.1&#8243; _module_preset=&#8221;default&#8221; text_font=&#8221;Rubik|300||on|||||&#8221; text_text_color=&#8221;#131c47&#8243; text_font_size=&#8221;26px&#8221; text_letter_spacing=&#8221;10px&#8221; text_line_height=&#8221;1.8em&#8221; header_line_height=&#8221;1.3em&#8221; text_orientation=&#8221;center&#8221; custom_margin=&#8221;|22px|-44px|||&#8221; global_colors_info=&#8221;{}&#8221;]<\/p>\n<p>Voc\u00ea tem 2 op\u00e7\u00f5es:<br \/>fazer tudo isso <strong>sozinho<\/strong><br \/>ou ter <strong>nosso acompanhamento<\/strong><\/p>\n<p>[\/et_pb_text][\/et_pb_column][\/et_pb_row][\/et_pb_section][et_pb_section fb_built=&#8221;1&#8243; _builder_version=&#8221;4.25.1&#8243; _module_preset=&#8221;default&#8221; background_color=&#8221;#e8e7ed&#8221; global_colors_info=&#8221;{}&#8221;][et_pb_row column_structure=&#8221;1_2,1_2&#8243; _builder_version=&#8221;4.25.1&#8243; _module_preset=&#8221;default&#8221; scroll_blur_enable=&#8221;on&#8221; global_colors_info=&#8221;{}&#8221;][et_pb_column type=&#8221;1_2&#8243; _builder_version=&#8221;4.25.1&#8243; _module_preset=&#8221;default&#8221; global_colors_info=&#8221;{}&#8221;][et_pb_image src=&#8221;https:\/\/escritoriointeligente.com\/mkt\/wp-content\/uploads\/2024\/11\/Grupo-1416.png&#8221; title_text=&#8221;Grupo 1416&#8243; _builder_version=&#8221;4.25.1&#8243; _module_preset=&#8221;default&#8221; global_colors_info=&#8221;{}&#8221;][\/et_pb_image][\/et_pb_column][et_pb_column type=&#8221;1_2&#8243; _builder_version=&#8221;4.25.1&#8243; _module_preset=&#8221;default&#8221; global_colors_info=&#8221;{}&#8221;][et_pb_image src=&#8221;https:\/\/escritoriointeligente.com\/mkt\/wp-content\/uploads\/2024\/11\/Grupo-1417.png&#8221; title_text=&#8221;Grupo 1417&#8243; _builder_version=&#8221;4.25.1&#8243; _module_preset=&#8221;default&#8221; global_colors_info=&#8221;{}&#8221;][\/et_pb_image][\/et_pb_column][\/et_pb_row][\/et_pb_section][et_pb_section fb_built=&#8221;1&#8243; _builder_version=&#8221;4.25.1&#8243; _module_preset=&#8221;default&#8221; background_color=&#8221;#131c47&#8243; global_colors_info=&#8221;{}&#8221;][et_pb_row _builder_version=&#8221;4.25.1&#8243; _module_preset=&#8221;default&#8221; global_colors_info=&#8221;{}&#8221;][et_pb_column type=&#8221;4_4&#8243; _builder_version=&#8221;4.25.1&#8243; _module_preset=&#8221;default&#8221; global_colors_info=&#8221;{}&#8221;][et_pb_image src=&#8221;https:\/\/escritoriointeligente.com\/mkt\/wp-content\/uploads\/2024\/10\/Escritorio-Inteligente_Horizontal_V2_Azul_Para_Fundo_Escuro.png&#8221; title_text=&#8221;Escritorio-Inteligente_Horizontal_V2_Azul_Para_Fundo_Escuro&#8221; align=&#8221;center&#8221; _builder_version=&#8221;4.25.1&#8243; _module_preset=&#8221;default&#8221; max_width=&#8221;44%&#8221; global_colors_info=&#8221;{}&#8221; module_alignment=&#8221;center&#8221; max_width_last_edited=&#8221;on|phone&#8221; hover_enabled=&#8221;0&#8243; sticky_enabled=&#8221;0&#8243; max_width_tablet=&#8221;44%&#8221; max_width_phone=&#8221;44%&#8221;][\/et_pb_image][\/et_pb_column][\/et_pb_row][\/et_pb_section]<\/p>\n","protected":false},"excerpt":{"rendered":"<p>Resolvemos omaior problema doseu escrit\u00f3rio cont\u00e1bil:Gest\u00e3odo Neg\u00f3cioe Atraso nasEntregasEscrit\u00f3rios Cont\u00e1beis perdem em m\u00e9dia 100.000 por m\u00eas por n\u00e3o terem processos definidos, pessoas qualificadas e contabilidade em dia.Ao se tornar Safira, a sua realidade ser\u00e1 outra.O que anossametodologiavai te entregar?Com um m\u00e9todo criado e validado por Luciano Macario, CEO do Escrit\u00f3rio Inteligente, n\u00f3s vamos te ajudar [&hellip;]<\/p>\n","protected":false},"author":6,"featured_media":0,"parent":0,"menu_order":0,"comment_status":"closed","ping_status":"closed","template":"page-template-blank.php","meta":{"_et_pb_use_builder":"on","_et_pb_old_content":"","_et_gb_content_width":"","footnotes":""},"class_list":["post-8928","page","type-page","status-publish","hentry"],"yoast_head":"<!-- This site is optimized with the Yoast SEO plugin v26.5 - https:\/\/yoast.com\/wordpress\/plugins\/seo\/ -->\n<title>LP - Safira - Escrit\u00f3rio Inteligente<\/title>\n<meta name=\"robots\" content=\"index, follow, max-snippet:-1, max-image-preview:large, max-video-preview:-1\" \/>\n<link rel=\"canonical\" href=\"https:\/\/escritoriointeligente.com\/mkt\/lp-safira\/\" \/>\n<meta property=\"og:locale\" content=\"pt_BR\" \/>\n<meta property=\"og:type\" content=\"article\" \/>\n<meta property=\"og:title\" content=\"LP - Safira - Escrit\u00f3rio Inteligente\" \/>\n<meta property=\"og:description\" content=\"Resolvemos omaior problema doseu escrit\u00f3rio cont\u00e1bil:Gest\u00e3odo Neg\u00f3cioe Atraso nasEntregasEscrit\u00f3rios Cont\u00e1beis perdem em m\u00e9dia 100.000 por m\u00eas por n\u00e3o terem processos definidos, pessoas qualificadas e contabilidade em dia.Ao se tornar Safira, a sua realidade ser\u00e1 outra.O que anossametodologiavai te entregar?Com um m\u00e9todo criado e validado por Luciano Macario, CEO do Escrit\u00f3rio Inteligente, n\u00f3s vamos te ajudar [&hellip;]\" \/>\n<meta property=\"og:url\" content=\"https:\/\/escritoriointeligente.com\/mkt\/lp-safira\/\" \/>\n<meta property=\"og:site_name\" content=\"Escrit\u00f3rio Inteligente\" \/>\n<meta property=\"article:modified_time\" content=\"2024-11-25T12:37:51+00:00\" \/>\n<meta property=\"og:image\" content=\"https:\/\/escritoriointeligente.com\/mkt\/wp-content\/uploads\/2023\/02\/Escritorio-Inteligente_Horizontal_V2_Azul_Para_Fundo_Claro.png\" \/>\n\t<meta property=\"og:image:width\" content=\"3417\" \/>\n\t<meta property=\"og:image:height\" content=\"1167\" \/>\n\t<meta property=\"og:image:type\" content=\"image\/png\" \/>\n<meta name=\"twitter:card\" content=\"summary_large_image\" \/>\n<script type=\"application\/ld+json\" class=\"yoast-schema-graph\">{\"@context\":\"https:\/\/schema.org\",\"@graph\":[{\"@type\":\"WebPage\",\"@id\":\"https:\/\/escritoriointeligente.com\/mkt\/lp-safira\/\",\"url\":\"https:\/\/escritoriointeligente.com\/mkt\/lp-safira\/\",\"name\":\"LP - Safira - Escrit\u00f3rio Inteligente\",\"isPartOf\":{\"@id\":\"https:\/\/escritoriointeligente.com\/mkt\/#website\"},\"datePublished\":\"2024-11-07T19:30:04+00:00\",\"dateModified\":\"2024-11-25T12:37:51+00:00\",\"breadcrumb\":{\"@id\":\"https:\/\/escritoriointeligente.com\/mkt\/lp-safira\/#breadcrumb\"},\"inLanguage\":\"pt-BR\",\"potentialAction\":[{\"@type\":\"ReadAction\",\"target\":[\"https:\/\/escritoriointeligente.com\/mkt\/lp-safira\/\"]}]},{\"@type\":\"BreadcrumbList\",\"@id\":\"https:\/\/escritoriointeligente.com\/mkt\/lp-safira\/#breadcrumb\",\"itemListElement\":[{\"@type\":\"ListItem\",\"position\":1,\"name\":\"In\u00edcio\",\"item\":\"https:\/\/escritoriointeligente.com\/mkt\/\"},{\"@type\":\"ListItem\",\"position\":2,\"name\":\"LP &#8211; Safira\"}]},{\"@type\":\"WebSite\",\"@id\":\"https:\/\/escritoriointeligente.com\/mkt\/#website\",\"url\":\"https:\/\/escritoriointeligente.com\/mkt\/\",\"name\":\"Escrit\u00f3rio Inteligente | Transforme a sua contabilidade\",\"description\":\"Contador! Voc\u00ea ainda tem opera\u00e7\u00e3o manual na sua empresa cont\u00e1bil? Conhe\u00e7a o Integra F\u00e1cil e diga adeus aos lan\u00e7amentos cont\u00e1beis manuais\",\"alternateName\":\"Escrit\u00f3rio Inteligente\",\"potentialAction\":[{\"@type\":\"SearchAction\",\"target\":{\"@type\":\"EntryPoint\",\"urlTemplate\":\"https:\/\/escritoriointeligente.com\/mkt\/?s={search_term_string}\"},\"query-input\":{\"@type\":\"PropertyValueSpecification\",\"valueRequired\":true,\"valueName\":\"search_term_string\"}}],\"inLanguage\":\"pt-BR\"}]}<\/script>\n<!-- \/ Yoast SEO plugin. -->","yoast_head_json":{"title":"LP - Safira - Escrit\u00f3rio Inteligente","robots":{"index":"index","follow":"follow","max-snippet":"max-snippet:-1","max-image-preview":"max-image-preview:large","max-video-preview":"max-video-preview:-1"},"canonical":"https:\/\/escritoriointeligente.com\/mkt\/lp-safira\/","og_locale":"pt_BR","og_type":"article","og_title":"LP - Safira - Escrit\u00f3rio Inteligente","og_description":"Resolvemos omaior problema doseu escrit\u00f3rio cont\u00e1bil:Gest\u00e3odo Neg\u00f3cioe Atraso nasEntregasEscrit\u00f3rios Cont\u00e1beis perdem em m\u00e9dia 100.000 por m\u00eas por n\u00e3o terem processos definidos, pessoas qualificadas e contabilidade em dia.Ao se tornar Safira, a sua realidade ser\u00e1 outra.O que anossametodologiavai te entregar?Com um m\u00e9todo criado e validado por Luciano Macario, CEO do Escrit\u00f3rio Inteligente, n\u00f3s vamos te ajudar [&hellip;]","og_url":"https:\/\/escritoriointeligente.com\/mkt\/lp-safira\/","og_site_name":"Escrit\u00f3rio Inteligente","article_modified_time":"2024-11-25T12:37:51+00:00","og_image":[{"width":3417,"height":1167,"url":"https:\/\/escritoriointeligente.com\/mkt\/wp-content\/uploads\/2023\/02\/Escritorio-Inteligente_Horizontal_V2_Azul_Para_Fundo_Claro.png","type":"image\/png"}],"twitter_card":"summary_large_image","schema":{"@context":"https:\/\/schema.org","@graph":[{"@type":"WebPage","@id":"https:\/\/escritoriointeligente.com\/mkt\/lp-safira\/","url":"https:\/\/escritoriointeligente.com\/mkt\/lp-safira\/","name":"LP - Safira - Escrit\u00f3rio Inteligente","isPartOf":{"@id":"https:\/\/escritoriointeligente.com\/mkt\/#website"},"datePublished":"2024-11-07T19:30:04+00:00","dateModified":"2024-11-25T12:37:51+00:00","breadcrumb":{"@id":"https:\/\/escritoriointeligente.com\/mkt\/lp-safira\/#breadcrumb"},"inLanguage":"pt-BR","potentialAction":[{"@type":"ReadAction","target":["https:\/\/escritoriointeligente.com\/mkt\/lp-safira\/"]}]},{"@type":"BreadcrumbList","@id":"https:\/\/escritoriointeligente.com\/mkt\/lp-safira\/#breadcrumb","itemListElement":[{"@type":"ListItem","position":1,"name":"In\u00edcio","item":"https:\/\/escritoriointeligente.com\/mkt\/"},{"@type":"ListItem","position":2,"name":"LP &#8211; Safira"}]},{"@type":"WebSite","@id":"https:\/\/escritoriointeligente.com\/mkt\/#website","url":"https:\/\/escritoriointeligente.com\/mkt\/","name":"Escrit\u00f3rio Inteligente | Transforme a sua contabilidade","description":"Contador! Voc\u00ea ainda tem opera\u00e7\u00e3o manual na sua empresa cont\u00e1bil? Conhe\u00e7a o Integra F\u00e1cil e diga adeus aos lan\u00e7amentos cont\u00e1beis manuais","alternateName":"Escrit\u00f3rio Inteligente","potentialAction":[{"@type":"SearchAction","target":{"@type":"EntryPoint","urlTemplate":"https:\/\/escritoriointeligente.com\/mkt\/?s={search_term_string}"},"query-input":{"@type":"PropertyValueSpecification","valueRequired":true,"valueName":"search_term_string"}}],"inLanguage":"pt-BR"}]}},"_links":{"self":[{"href":"https:\/\/escritoriointeligente.com\/mkt\/wp-json\/wp\/v2\/pages\/8928","targetHints":{"allow":["GET"]}}],"collection":[{"href":"https:\/\/escritoriointeligente.com\/mkt\/wp-json\/wp\/v2\/pages"}],"about":[{"href":"https:\/\/escritoriointeligente.com\/mkt\/wp-json\/wp\/v2\/types\/page"}],"author":[{"embeddable":true,"href":"https:\/\/escritoriointeligente.com\/mkt\/wp-json\/wp\/v2\/users\/6"}],"replies":[{"embeddable":true,"href":"https:\/\/escritoriointeligente.com\/mkt\/wp-json\/wp\/v2\/comments?post=8928"}],"version-history":[{"count":32,"href":"https:\/\/escritoriointeligente.com\/mkt\/wp-json\/wp\/v2\/pages\/8928\/revisions"}],"predecessor-version":[{"id":9097,"href":"https:\/\/escritoriointeligente.com\/mkt\/wp-json\/wp\/v2\/pages\/8928\/revisions\/9097"}],"wp:attachment":[{"href":"https:\/\/escritoriointeligente.com\/mkt\/wp-json\/wp\/v2\/media?parent=8928"}],"curies":[{"name":"wp","href":"https:\/\/api.w.org\/{rel}","templated":true}]}}